{"id":425,"date":"2022-03-11T15:09:26","date_gmt":"2022-03-11T14:09:26","guid":{"rendered":"https:\/\/floride.fr\/juridische-kennisgeving\/"},"modified":"2026-02-02T15:53:36","modified_gmt":"2026-02-02T14:53:36","slug":"juridische-kennisgeving","status":"publish","type":"page","link":"https:\/\/floride.fr\/nl\/juridische-kennisgeving\/","title":{"rendered":"Juridische kennisgeving"},"content":{"rendered":"\n<section class=\"wp-container-69f0e5f5abe36 wp-block-group\"><div class=\"wp-block-group__inner-container\">\n<h1 class=\"has-text-align-center has-couleur-1-color has-text-color\" id=\"mentions-legales\">Juridische kennisgeving<\/h1>\n\n\n\n<div class=\"wp-block-columns\">\n<div class=\"wp-block-column\">\n<p class=\"titre has-sous-titre-font-size\"><strong><span itemprop=\"name\">Kamperen Le Floride<\/span><\/strong><\/p>\n\n\n\n<p><strong>Adres<\/strong> : <span class=\"wrp_adresse\"><span itemprop=\"address\">Route de St Laurent - 66420 Le Barcar\u00e8s<br \/>\r\nPyr\u00e9n\u00e9es orientales | Languedoc-Roussillon<\/span><\/span> [adresse_complementaire]<br><strong>Telefoon:<\/strong> <a itemprop=\"telephone\" href=\"tel:+33468861175\">04 68 86 11 75<\/a><br><strong>E-mail:<\/strong> <a itemprop=\"email\" href=\"mailto:lefloride@cielavillage.com\">lefloride@cielavillage.com<\/a><br><strong>SIRET:<\/strong> <span class=\"wrp_siret\"><span>31344793000014<\/span><\/span><br><strong>RCS:<\/strong> <span class=\"wrp_rcs\"><span>Perpignan B 313 447 930<\/span><\/span><\/p>\n\n\n\n<p>Le site web <a href=\"https:\/\/floride.fr\/nl\/\" itemprop=\"url\">floride.fr\/nl\/<\/a> est h\u00e9berg\u00e9 par la soci\u00e9t\u00e9 Niwanet .<\/p>\n\n\n\n<p><strong>FRANCECOM, agence web<\/strong><br> 2, Boulevard Jean Moulin 44100 NANTES<br><strong>Tel<\/strong> : 02 51 80 88 88<br><strong>Fax<\/strong> : 02 51 80 88 87<br><strong>Website<\/strong> : <a rel=\"noreferrer noopener\" href=\"http:\/\/www.francecom.com\/\" target=\"_blank\">www.francecom.fr<\/a><br>RCS: Nantes B 410 557 151<br>SIRET: 41055715100033<\/p>\n\n\n\n<p>La consultation du site <a href=\"https:\/\/floride.fr\/nl\/\" itemprop=\"url\">floride.fr\/nl\/<\/a> est soumise \u00e0 l&#8217;acceptation et au respect par les internautes des conditions d&#8217;utilisation suivantes.<\/p>\n\n\n\n<p>L&#8217;internaute accepte d&#8217;utiliser les informations pr\u00e9sentes sur le site \u00e0 des fins personnelles et non commerciales. En cas de non-respect des dispositions de la pr\u00e9sente Charte par l&#8217;internaute, sa responsabilit\u00e9 civile et\/ou p\u00e9nale pourra \u00eatre engag\u00e9e.<\/p>\n\n\n\n<p class=\"titre has-sous-titre-font-size\"><strong><strong><strong>Contenu du site<\/strong><\/strong><\/strong><\/p>\n\n\n\n<p>Le site est exploit\u00e9 par la soci\u00e9t\u00e9 <strong><strong><span itemprop=\"name\">Kamperen Le Floride<\/span><\/strong><\/strong>.<\/p>\n\n\n\n<p>Le site pr\u00e9sente les activit\u00e9s de la soci\u00e9t\u00e9 <strong><strong><span itemprop=\"name\">Kamperen Le Floride<\/span><\/strong><\/strong>.<\/p>\n\n\n\n<p class=\"titre has-sous-titre-font-size\"><strong><strong><strong>Propri\u00e9t\u00e9 intellectuelle<\/strong><\/strong><\/strong><\/p>\n\n\n\n<p>Le site <a href=\"https:\/\/floride.fr\/nl\/\" itemprop=\"url\">floride.fr\/nl\/<\/a> constitue une \u0153uvre dont Francecom est l&#8217;auteur au sens des articles L111.1 et suivants du Code de la propri\u00e9t\u00e9 intellectuelle.<\/p>\n\n\n\n<p>De mani\u00e8re g\u00e9n\u00e9rale, les donn\u00e9es, programmes, extraits musicaux, textes, informations, logos, identit\u00e9s visuelles, images, anim\u00e9es ou non, et leur mise en page apparaissant sur le Site <a href=\"https:\/\/floride.fr\/nl\/\" itemprop=\"url\">floride.fr\/nl\/<\/a> sont la propri\u00e9t\u00e9 de Francecom (\u00e0 l&#8217;exception des photos de l&#8217;entreprise) <span itemprop=\"name\">Kamperen Le Floride<\/span> et les textes r\u00e9dig\u00e9s par la soci\u00e9t\u00e9 <span itemprop=\"name\">Kamperen Le Floride<\/span>) et sont \u00e0 ce titre prot\u00e9g\u00e9s par les dispositions du Code de la propri\u00e9t\u00e9 intellectuelle.<\/p>\n\n\n\n<p>Tous les utilisateurs d&#8217;Internet s&#8217;engagent \u00e0 ne pas les utiliser et \u00e0 ne permettre \u00e0 personne d&#8217;utiliser ce contenu \u00e0 des fins ill\u00e9gales.<\/p>\n\n\n\n<p>Toute repr\u00e9sentation ou reproduction, int\u00e9grale ou partielle, permanente ou temporaire, sur un support informatique et\/ou papier, et par quelque proc\u00e9d\u00e9 que ce soit (notamment par le cadrage*), de l&#8217;un des \u00e9l\u00e9ments du Site <a href=\"https:\/\/floride.fr\/nl\/\" itemprop=\"url\">floride.fr\/nl\/<\/a> ou des services propos\u00e9s \u00e0 la vente, sans l&#8217;autorisation pr\u00e9alable et expresse de Francecom, est interdite et constitue un acte de contrefa\u00e7on pouvant entra\u00eener des sanctions civiles et\/ou p\u00e9nales. Seule l&#8217;impression sur papier est autoris\u00e9e pour la copie priv\u00e9e \u00e0 l&#8217;usage exclusif du copiste au sens de l&#8217;article L122-5 2\u00b0 du Code de la propri\u00e9t\u00e9 intellectuelle.<\/p>\n\n\n\n<p>Aucun lien hypertexte vers le site <a href=\"https:\/\/floride.fr\/nl\/\" itemprop=\"url\">floride.fr\/nl\/<\/a> ne peut \u00eatre install\u00e9 sans l&#8217;accord pr\u00e9alable et explicite de Francecom .<\/p>\n\n\n\n<p>*Le fait de copier le contenu des pages d&#8217;un site web afin de le transf\u00e9rer vers son propre site web via un lien hypertexte, pr\u00e9sentant ainsi ledit contenu comme \u00e9tant le sien.<\/p>\n\n\n\n<p class=\"titre has-sous-titre-font-size\"><strong><strong><strong>Cr\u00e9dits photos<\/strong><\/strong><\/strong><\/p>\n\n\n\n<p>Photo non contractuelle.<\/p>\n<\/div>\n\n\n\n<div class=\"wp-block-column\">\n<p class=\"titre has-sous-titre-font-size\"><strong><strong>Responsabilit\u00e9<\/strong><\/strong><\/p>\n\n\n\n<p>La soci\u00e9t\u00e9<strong><strong><span itemprop=\"name\">Kamperen Le Floride<\/span><\/strong><\/strong> d\u00e9cline toute responsabilit\u00e9 quant aux \u00e9ventuels dysfonctionnements pouvant survenir sur le Site <a href=\"https:\/\/floride.fr\/nl\/\" itemprop=\"url\">floride.fr\/nl\/<\/a> et entra\u00eener une perte de donn\u00e9es ou une indisponibilit\u00e9 de l\u2019acc\u00e8s aux informations produites sur celui-ci.<\/p>\n\n\n\n<p>Les \u00e9l\u00e9ments pr\u00e9sent\u00e9s sur le Site <a href=\"https:\/\/floride.fr\/nl\/\" itemprop=\"url\">floride.fr\/nl\/<\/a> peuvent \u00eatre modifi\u00e9s sans pr\u00e9avis et sont mis \u00e0 la disposition des internautes sans aucune garantie, expresse ou implicite.<\/p>\n\n\n\n<p>La pr\u00e9sence de liens hypertextes pr\u00e9sents sur le Site <a href=\"https:\/\/floride.fr\/nl\/\" itemprop=\"url\">floride.fr\/nl\/<\/a> \u2013 Quel que soit l\u2019existence pr\u00e9alable ou non de l\u2019accord de la soci\u00e9t\u00e9 <strong><strong><strong><span itemprop=\"name\">Kamperen Le Floride<\/span><\/strong><\/strong><\/strong> \u2013 ne cr\u00e9e pas une solidarit\u00e9 de responsabilit\u00e9 entre celle-ci et les propri\u00e9taires des autres sites, quant au contenu des sites sur lesquels est redirig\u00e9 l\u2019internaute.<\/p>\n\n\n\n<p>La communaut\u00e9 <span itemprop=\"name\">Kamperen Le Floride<\/span> ne peut garantir l&#8217;exhaustivit\u00e9 et la v\u00e9racit\u00e9 des informations contenues sur le site <a href=\"https:\/\/floride.fr\/nl\/\" itemprop=\"url\">floride.fr\/nl\/<\/a>. De m\u00eame, elle ne peut garantir l&#8217;absence de modification par un tiers (intrusion, virus).<\/p>\n\n\n\n<p>En outre, l&#8217;internaute est seul responsable de l&#8217;utilisation qu&#8217;il fait du contenu du site <a href=\"https:\/\/floride.fr\/nl\/\" itemprop=\"url\">floride.fr\/nl\/<\/a>. Sauf en cas de n\u00e9gligence grave de la part de la soci\u00e9t\u00e9 <span itemprop=\"name\">Kamperen Le Floride<\/span>, celle-ci ne saurait \u00eatre tenue responsable des dommages directs ou indirects li\u00e9s \u00e0 l&#8217;utilisation des informations produites sur le site <a href=\"https:\/\/floride.fr\/nl\/\" itemprop=\"url\">floride.fr\/nl\/<\/a>.<\/p>\n\n\n\n<p class=\"titre has-sous-titre-font-size\"><strong><strong>Droit applicable et juridiction comp\u00e9tente<\/strong><\/strong><\/p>\n\n\n\n<p>L\u2019ensemble des informations diffus\u00e9 sur le Site <a href=\"https:\/\/floride.fr\/nl\/\" itemprop=\"url\">floride.fr\/nl\/<\/a> et l\u2019utilisation qui en est faite sont soumis exclusivement au droit fran\u00e7ais. <\/p>\n\n\n\n<p>En cas de litige impliquant un consommateur, conform\u00e9ment \u00e0 l\u2019article R.631-3 du Code de la consommation, celui-ci pourra saisir la juridiction du lieu o\u00f9 il demeurait au moment de la conclusion du contrat ou la juridiction du lieu o\u00f9 il demeurait au moment de la survenance du fait dommageable.<\/p>\n\n\n\n<p>Apr\u00e8s avoir saisi le service Client du Camping selon la proc\u00e9dure de r\u00e9clamation pr\u00e9vue, le Client consommateur peut recourir gratuitement \u00e0 un m\u00e9diateur de la consommation, dans un d\u00e9lai maximal d\u2019un an \u00e0 compter de sa r\u00e9clamation \u00e9crite adress\u00e9e en LRAR \u00e0 l\u2019exploitant. Le m\u00e9diateur comp\u00e9tent est Sas M\u00e9diation Solution.<\/p>\n\n\n\n<p>Pour saisir le m\u00e9diateur, le consommateur doit formuler sa demande :<\/p>\n\n\n\n<p>&#8211; Soit par \u00e9crit \u00e0 : Sas M\u00e9diation Solution &#8211; 222 chemin de la bergerie 01800 Saint Jean de Niost<\/p>\n\n\n\n<p>&#8211; Soit par mail \u00e0 :&nbsp;<a href=\"mailto:contact@sasmediationsolution-conso.fr\" target=\"_blank\" rel=\"noreferrer noopener\">contact@sasmediationsolution-conso.fr<\/a><\/p>\n\n\n\n<p>&#8211; Soit en remplissant le formulaire en ligne intitul\u00e9 \u00ab Saisir le m\u00e9diateur \u00bb sur le site&nbsp;<a href=\"https:\/\/www.sasmediationsolution-conso.fr\/\" target=\"_blank\" rel=\"noreferrer noopener\">https:\/\/www.sasmediationsolution-conso.fr<\/a><\/p>\n\n\n\n<p class=\"titre has-sous-titre-font-size\"><strong>Conditions g\u00e9n\u00e9rales de vente<\/strong><\/p>\n\n\n\n<p>Le site web <a href=\"https:\/\/floride.fr\/nl\/\" itemprop=\"url\">floride.fr\/nl\/<\/a> ne vous permet pas d&#8217;effectuer des achats sur le site. Les conditions g\u00e9n\u00e9rales de vente sont disponibles dans la section Documents \u00e0 t\u00e9l\u00e9charger, ou sur simple demande \u00e0 l&#8217;adresse <a itemprop=\"email\" href=\"mailto:lefloride@cielavillage.com\">lefloride@cielavillage.com<\/a>.<\/p>\n\n\n\n<p class=\"titre has-sous-titre-font-size\"><strong>Informations sur les cookies utilis\u00e9s sur notre site<\/strong><\/p>\n\n\n\n<p>Des informations d\u00e9taill\u00e9es sur les cookies et leur gestion sur le site sont disponibles ici : Politique en mati\u00e8re de cookies (UE)<\/p>\n\n\n\n<p>Vous pouvez en savoir plus sur l&#8217;utilisation des cookies en consultant le site de la CNIL : <a href=\"http:\/\/www.cnil.fr\/vos-droits\/vos-traces\/les-cookies\/\" data-type=\"URL\" data-id=\"www.cnil.fr\/vos-droits\/vos-traces\/les-cookies\/\" target=\"_blank\" rel=\"noreferrer noopener\">www.cnil.fr\/vos-droits\/vos-traces\/les-cookies\/<\/a><\/p>\n\n\n\n<p><strong>Informations relatives \u00e0 la politique de confidentialit\u00e9 et \u00e0 la gestion des donn\u00e9es \u00e0 caract\u00e8re personnel :<\/strong><\/p>\n\n\n\n<p>Informations d\u00e9taill\u00e9es sur la <a href=\"https:\/\/floride.fr\/nl\/vertrouwelijkheid-en-persoonsgegevens\/\" data-type=\"page\" data-id=\"404\">politique de confidentialit\u00e9 et la gestion des donn\u00e9es \u00e0 caract\u00e8re personnel<\/a><\/p>\n<\/div>\n<\/div>\n<\/div><\/section>\n","protected":false},"excerpt":{"rendered":"<p>Juridische kennisgeving Adres : [adresse_complementaire]Telefoon: E-mail: SIRET: RCS: Le site web est h\u00e9berg\u00e9 par la soci\u00e9t\u00e9 Niwanet . FRANCECOM, agence web 2, Boulevard Jean Moulin 44100 NANTESTel : 02 51 80 88 88Fax : 02 51 80 88 87Website : www.francecom.frRCS: Nantes B 410 557 151SIRET: 41055715100033 La consultation du site est soumise \u00e0 l&#8217;acceptation [&hellip;]<\/p>\n","protected":false},"author":1,"featured_media":0,"parent":0,"menu_order":0,"comment_status":"closed","ping_status":"closed","template":"","meta":[],"acf":[],"_links":{"self":[{"href":"https:\/\/floride.fr\/nl\/wp-json\/wp\/v2\/pages\/425"}],"collection":[{"href":"https:\/\/floride.fr\/nl\/wp-json\/wp\/v2\/pages"}],"about":[{"href":"https:\/\/floride.fr\/nl\/wp-json\/wp\/v2\/types\/page"}],"author":[{"embeddable":true,"href":"https:\/\/floride.fr\/nl\/wp-json\/wp\/v2\/users\/1"}],"replies":[{"embeddable":true,"href":"https:\/\/floride.fr\/nl\/wp-json\/wp\/v2\/comments?post=425"}],"version-history":[{"count":6,"href":"https:\/\/floride.fr\/nl\/wp-json\/wp\/v2\/pages\/425\/revisions"}],"predecessor-version":[{"id":16175,"href":"https:\/\/floride.fr\/nl\/wp-json\/wp\/v2\/pages\/425\/revisions\/16175"}],"wp:attachment":[{"href":"https:\/\/floride.fr\/nl\/wp-json\/wp\/v2\/media?parent=425"}],"curies":[{"name":"wp","href":"https:\/\/api.w.org\/{rel}","templated":true}]}}

<section class="wp-container-69f0e5f5abe36 wp-block-group"><div class="wp-block-group__inner-container">
<h1 class="has-text-align-center has-couleur-1-color has-text-color" id="mentions-legales">Juridische kennisgeving</h1>



<div class="wp-block-columns">
<div class="wp-block-column">
<p class="titre has-sous-titre-font-size"><strong><span itemprop="name">Kamperen Le Floride</span></strong></p>



<p><strong>Adres</strong> : <span class="wrp_adresse"><span itemprop="address">Route de St Laurent - 66420 Le Barcarès<br />
Pyrénées orientales | Languedoc-Roussillon</span></span> [adresse_complementaire]<br><strong>Telefoon:</strong> <a itemprop="telephone" href="tel:+33468861175">04 68 86 11 75</a><br><strong>E-mail:</strong> <a itemprop="email" href="mailto:lefloride@cielavillage.com">lefloride@cielavillage.com</a><br><strong>SIRET:</strong> <span class="wrp_siret"><span>31344793000014</span></span><br><strong>RCS:</strong> <span class="wrp_rcs"><span>Perpignan B 313 447 930</span></span></p>



<p>Le site web <a href="https://floride.fr/nl/" itemprop="url">floride.fr/nl/</a> est hébergé par la société Niwanet .</p>



<p><strong>FRANCECOM, agence web</strong><br> 2, Boulevard Jean Moulin 44100 NANTES<br><strong>Tel</strong> : 02 51 80 88 88<br><strong>Fax</strong> : 02 51 80 88 87<br><strong>Website</strong> : <a rel="noreferrer noopener" href="http://www.francecom.com/" target="_blank">www.francecom.fr</a><br>RCS: Nantes B 410 557 151<br>SIRET: 41055715100033</p>



<p>La consultation du site <a href="https://floride.fr/nl/" itemprop="url">floride.fr/nl/</a> est soumise à l&#8217;acceptation et au respect par les internautes des conditions d&#8217;utilisation suivantes.</p>



<p>L&#8217;internaute accepte d&#8217;utiliser les informations présentes sur le site à des fins personnelles et non commerciales. En cas de non-respect des dispositions de la présente Charte par l&#8217;internaute, sa responsabilité civile et/ou pénale pourra être engagée.</p>



<p class="titre has-sous-titre-font-size"><strong><strong><strong>Contenu du site</strong></strong></strong></p>



<p>Le site est exploité par la société <strong><strong><span itemprop="name">Kamperen Le Floride</span></strong></strong>.</p>



<p>Le site présente les activités de la société <strong><strong><span itemprop="name">Kamperen Le Floride</span></strong></strong>.</p>



<p class="titre has-sous-titre-font-size"><strong><strong><strong>Propriété intellectuelle</strong></strong></strong></p>



<p>Le site <a href="https://floride.fr/nl/" itemprop="url">floride.fr/nl/</a> constitue une œuvre dont Francecom est l&#8217;auteur au sens des articles L111.1 et suivants du Code de la propriété intellectuelle.</p>



<p>De manière générale, les données, programmes, extraits musicaux, textes, informations, logos, identités visuelles, images, animées ou non, et leur mise en page apparaissant sur le Site <a href="https://floride.fr/nl/" itemprop="url">floride.fr/nl/</a> sont la propriété de Francecom (à l&#8217;exception des photos de l&#8217;entreprise) <span itemprop="name">Kamperen Le Floride</span> et les textes rédigés par la société <span itemprop="name">Kamperen Le Floride</span>) et sont à ce titre protégés par les dispositions du Code de la propriété intellectuelle.</p>



<p>Tous les utilisateurs d&#8217;Internet s&#8217;engagent à ne pas les utiliser et à ne permettre à personne d&#8217;utiliser ce contenu à des fins illégales.</p>



<p>Toute représentation ou reproduction, intégrale ou partielle, permanente ou temporaire, sur un support informatique et/ou papier, et par quelque procédé que ce soit (notamment par le cadrage*), de l&#8217;un des éléments du Site <a href="https://floride.fr/nl/" itemprop="url">floride.fr/nl/</a> ou des services proposés à la vente, sans l&#8217;autorisation préalable et expresse de Francecom, est interdite et constitue un acte de contrefaçon pouvant entraîner des sanctions civiles et/ou pénales. Seule l&#8217;impression sur papier est autorisée pour la copie privée à l&#8217;usage exclusif du copiste au sens de l&#8217;article L122-5 2° du Code de la propriété intellectuelle.</p>



<p>Aucun lien hypertexte vers le site <a href="https://floride.fr/nl/" itemprop="url">floride.fr/nl/</a> ne peut être installé sans l&#8217;accord préalable et explicite de Francecom .</p>



<p>*Le fait de copier le contenu des pages d&#8217;un site web afin de le transférer vers son propre site web via un lien hypertexte, présentant ainsi ledit contenu comme étant le sien.</p>



<p class="titre has-sous-titre-font-size"><strong><strong><strong>Crédits photos</strong></strong></strong></p>



<p>Photo non contractuelle.</p>
</div>



<div class="wp-block-column">
<p class="titre has-sous-titre-font-size"><strong><strong>Responsabilité</strong></strong></p>



<p>La société<strong><strong><span itemprop="name">Kamperen Le Floride</span></strong></strong> décline toute responsabilité quant aux éventuels dysfonctionnements pouvant survenir sur le Site <a href="https://floride.fr/nl/" itemprop="url">floride.fr/nl/</a> et entraîner une perte de données ou une indisponibilité de l’accès aux informations produites sur celui-ci.</p>



<p>Les éléments présentés sur le Site <a href="https://floride.fr/nl/" itemprop="url">floride.fr/nl/</a> peuvent être modifiés sans préavis et sont mis à la disposition des internautes sans aucune garantie, expresse ou implicite.</p>



<p>La présence de liens hypertextes présents sur le Site <a href="https://floride.fr/nl/" itemprop="url">floride.fr/nl/</a> – Quel que soit l’existence préalable ou non de l’accord de la société <strong><strong><strong><span itemprop="name">Kamperen Le Floride</span></strong></strong></strong> – ne crée pas une solidarité de responsabilité entre celle-ci et les propriétaires des autres sites, quant au contenu des sites sur lesquels est redirigé l’internaute.</p>



<p>La communauté <span itemprop="name">Kamperen Le Floride</span> ne peut garantir l&#8217;exhaustivité et la véracité des informations contenues sur le site <a href="https://floride.fr/nl/" itemprop="url">floride.fr/nl/</a>. De même, elle ne peut garantir l&#8217;absence de modification par un tiers (intrusion, virus).</p>



<p>En outre, l&#8217;internaute est seul responsable de l&#8217;utilisation qu&#8217;il fait du contenu du site <a href="https://floride.fr/nl/" itemprop="url">floride.fr/nl/</a>. Sauf en cas de négligence grave de la part de la société <span itemprop="name">Kamperen Le Floride</span>, celle-ci ne saurait être tenue responsable des dommages directs ou indirects liés à l&#8217;utilisation des informations produites sur le site <a href="https://floride.fr/nl/" itemprop="url">floride.fr/nl/</a>.</p>



<p class="titre has-sous-titre-font-size"><strong><strong>Droit applicable et juridiction compétente</strong></strong></p>



<p>L’ensemble des informations diffusé sur le Site <a href="https://floride.fr/nl/" itemprop="url">floride.fr/nl/</a> et l’utilisation qui en est faite sont soumis exclusivement au droit français. </p>



<p>En cas de litige impliquant un consommateur, conformément à l’article R.631-3 du Code de la consommation, celui-ci pourra saisir la juridiction du lieu où il demeurait au moment de la conclusion du contrat ou la juridiction du lieu où il demeurait au moment de la survenance du fait dommageable.</p>



<p>Après avoir saisi le service Client du Camping selon la procédure de réclamation prévue, le Client consommateur peut recourir gratuitement à un médiateur de la consommation, dans un délai maximal d’un an à compter de sa réclamation écrite adressée en LRAR à l’exploitant. Le médiateur compétent est Sas Médiation Solution.</p>



<p>Pour saisir le médiateur, le consommateur doit formuler sa demande :</p>



<p>&#8211; Soit par écrit à : Sas Médiation Solution &#8211; 222 chemin de la bergerie 01800 Saint Jean de Niost</p>



<p>&#8211; Soit par mail à :&nbsp;<a href="mailto:contact@sasmediationsolution-conso.fr" target="_blank" rel="noreferrer noopener">contact@sasmediationsolution-conso.fr</a></p>



<p>&#8211; Soit en remplissant le formulaire en ligne intitulé « Saisir le médiateur » sur le site&nbsp;<a href="https://www.sasmediationsolution-conso.fr/" target="_blank" rel="noreferrer noopener">https://www.sasmediationsolution-conso.fr</a></p>



<p class="titre has-sous-titre-font-size"><strong>Conditions générales de vente</strong></p>



<p>Le site web <a href="https://floride.fr/nl/" itemprop="url">floride.fr/nl/</a> ne vous permet pas d&#8217;effectuer des achats sur le site. Les conditions générales de vente sont disponibles dans la section Documents à télécharger, ou sur simple demande à l&#8217;adresse <a itemprop="email" href="mailto:lefloride@cielavillage.com">lefloride@cielavillage.com</a>.</p>



<p class="titre has-sous-titre-font-size"><strong>Informations sur les cookies utilisés sur notre site</strong></p>



<p>Des informations détaillées sur les cookies et leur gestion sur le site sont disponibles ici : Politique en matière de cookies (UE)</p>



<p>Vous pouvez en savoir plus sur l&#8217;utilisation des cookies en consultant le site de la CNIL : <a href="http://www.cnil.fr/vos-droits/vos-traces/les-cookies/" data-type="URL" data-id="www.cnil.fr/vos-droits/vos-traces/les-cookies/" target="_blank" rel="noreferrer noopener">www.cnil.fr/vos-droits/vos-traces/les-cookies/</a></p>



<p><strong>Informations relatives à la politique de confidentialité et à la gestion des données à caractère personnel :</strong></p>



<p>Informations détaillées sur la <a href="https://floride.fr/nl/vertrouwelijkheid-en-persoonsgegevens/" data-type="page" data-id="404">politique de confidentialité et la gestion des données à caractère personnel</a></p>
</div>
</div>
</div></section>

<p>Juridische kennisgeving Adres : [adresse_complementaire]Telefoon: E-mail: SIRET: RCS: Le site web est hébergé par la société Niwanet . FRANCECOM, agence web 2, Boulevard Jean Moulin 44100 NANTESTel : 02 51 80 88 88Fax : 02 51 80 88 87Website : www.francecom.frRCS: Nantes B 410 557 151SIRET: 41055715100033 La consultation du site est soumise à l&#8217;acceptation [&hellip;]</p>
